{"id":126,"date":"2023-12-28T15:36:50","date_gmt":"2023-12-28T14:36:50","guid":{"rendered":"https:\/\/lyceeprofessionnelsimonlazard.fr\/?page_id=126"},"modified":"2024-01-08T11:06:44","modified_gmt":"2024-01-08T10:06:44","slug":"formulaire-faq","status":"publish","type":"page","link":"https:\/\/lyceeprofessionnelsimonlazard.fr\/index.php\/formulaire-faq\/","title":{"rendered":"Formulaire FAQ"},"content":{"rendered":"\t\t<div data-elementor-type=\"wp-page\" data-elementor-id=\"126\" class=\"elementor elementor-126\" data-elementor-post-type=\"page\">\n\t\t\t\t\t\t<section class=\"elementor-section elementor-top-section elementor-element elementor-element-7c19530c elementor-section-height-min-height elementor-section-boxed elementor-section-height-default elementor-section-items-middle\" data-id=\"7c19530c\" data-element_type=\"section\" data-e-type=\"section\">\n\t\t\t\t\t\t<div class=\"elementor-container elementor-column-gap-default\">\n\t\t\t\t\t<div class=\"elementor-column elementor-col-100 elementor-top-column elementor-element elementor-element-2c52f429\" data-id=\"2c52f429\" data-element_type=\"column\" data-e-type=\"column\">\n\t\t\t<div class=\"elementor-widget-wrap elementor-element-populated\">\n\t\t\t\t\t\t<div class=\"elementor-element elementor-element-d79be40 elementor-widget elementor-widget-heading\" data-id=\"d79be40\" data-element_type=\"widget\" data-e-type=\"widget\" data-widget_type=\"heading.default\">\n\t\t\t\t<div class=\"elementor-widget-container\">\n\t\t\t\t\t<h2 class=\"elementor-heading-title elementor-size-default\">FORMULAIRE DE CONTACT<\/h2>\t\t\t\t<\/div>\n\t\t\t\t<\/div>\n\t\t\t\t\t<\/div>\n\t\t<\/div>\n\t\t\t\t\t<\/div>\n\t\t<\/section>\n\t\t<div class=\"elementor-element elementor-element-132799c e-con-full e-flex e-con e-parent\" data-id=\"132799c\" data-element_type=\"container\" data-e-type=\"container\">\n\t\t<div class=\"elementor-element elementor-element-9151be5 e-con-full e-flex e-con e-child\" data-id=\"9151be5\" data-element_type=\"container\" data-e-type=\"container\" data-settings=\"{&quot;background_background&quot;:&quot;classic&quot;}\">\n\t\t<div class=\"elementor-element elementor-element-9b89d2d e-con-full e-flex e-con e-child\" data-id=\"9b89d2d\" data-element_type=\"container\" data-e-type=\"container\">\n\t\t\t\t<div class=\"elementor-element elementor-element-2762d18 elementor-widget elementor-widget-heading\" data-id=\"2762d18\" data-element_type=\"widget\" data-e-type=\"widget\" data-widget_type=\"heading.default\">\n\t\t\t\t<div class=\"elementor-widget-container\">\n\t\t\t\t\t<h2 class=\"elementor-heading-title elementor-size-default\">LYCEE PROFESSIONNEL <\/h2>\t\t\t\t<\/div>\n\t\t\t\t<\/div>\n\t\t\t\t<div class=\"elementor-element elementor-element-e303ccb elementor-widget elementor-widget-heading\" data-id=\"e303ccb\" data-element_type=\"widget\" data-e-type=\"widget\" data-widget_type=\"heading.default\">\n\t\t\t\t<div class=\"elementor-widget-container\">\n\t\t\t\t\t<h2 class=\"elementor-heading-title elementor-size-default\">SIMON LAZARD<\/h2>\t\t\t\t<\/div>\n\t\t\t\t<\/div>\n\t\t\t\t<div class=\"elementor-element elementor-element-301f88b elementor-widget__width-auto elementor-align-center elementor-list-item-link-inline elementor-widget elementor-widget-icon-list\" data-id=\"301f88b\" data-element_type=\"widget\" data-e-type=\"widget\" data-widget_type=\"icon-list.default\">\n\t\t\t\t<div class=\"elementor-widget-container\">\n\t\t\t\t\t\t\t<ul class=\"elementor-icon-list-items\">\n\t\t\t\t\t\t\t<li class=\"elementor-icon-list-item\">\n\t\t\t\t\t\t\t\t\t\t<span class=\"elementor-icon-list-text\"><strong>ADRESSE<\/strong><\/br> 25 Rue Jean Jacques KIEFFER - 57250 SARREGUEMINES <\/span>\n\t\t\t\t\t\t\t\t\t<\/li>\n\t\t\t\t\t\t\t\t<li class=\"elementor-icon-list-item\">\n\t\t\t\t\t\t\t\t\t\t\t<a href=\"tel:+33382846916\">\n\n\t\t\t\t\t\t\t\t\t\t\t<span class=\"elementor-icon-list-text\"><strong>T\u00c9L\u00c9PHONE<\/strong><\/br>03 87 95 03 24<\/span>\n\t\t\t\t\t\t\t\t\t\t\t<\/a>\n\t\t\t\t\t\t\t\t\t<\/li>\n\t\t\t\t\t\t\t\t<li class=\"elementor-icon-list-item\">\n\t\t\t\t\t\t\t\t\t\t\t<a href=\"mailto:ce.0570100@ac-nancy-metz.fr\">\n\n\t\t\t\t\t\t\t\t\t\t\t<span class=\"elementor-icon-list-text\"><strong>EMAIL<\/strong><\/br>ce.0570100@ac-nancy-metz.fr<\/span>\n\t\t\t\t\t\t\t\t\t\t\t<\/a>\n\t\t\t\t\t\t\t\t\t<\/li>\n\t\t\t\t\t\t<\/ul>\n\t\t\t\t\t\t<\/div>\n\t\t\t\t<\/div>\n\t\t\t\t<\/div>\n\t\t\t\t<\/div>\n\t\t<div class=\"elementor-element elementor-element-470f3b8 e-con-full e-flex e-con e-child\" data-id=\"470f3b8\" data-element_type=\"container\" data-e-type=\"container\" data-settings=\"{&quot;background_background&quot;:&quot;classic&quot;}\">\n\t\t\t\t<div class=\"elementor-element elementor-element-d35d60f elementor-button-align-center elementor-widget elementor-widget-form\" data-id=\"d35d60f\" data-element_type=\"widget\" data-e-type=\"widget\" data-settings=\"{&quot;step_next_label&quot;:&quot;Suivant&quot;,&quot;step_previous_label&quot;:&quot;Pr\\u00e9c\\u00e9dent&quot;,&quot;button_width&quot;:&quot;100&quot;,&quot;step_type&quot;:&quot;number_text&quot;,&quot;step_icon_shape&quot;:&quot;circle&quot;}\" data-widget_type=\"form.default\">\n\t\t\t\t<div class=\"elementor-widget-container\">\n\t\t\t\t\t\t\t<form class=\"elementor-form\" method=\"post\" name=\"Nouveau formulaire\" aria-label=\"Nouveau formulaire\">\n\t\t\t<input type=\"hidden\" name=\"post_id\" value=\"126\"\/>\n\t\t\t<input type=\"hidden\" name=\"form_id\" value=\"d35d60f\"\/>\n\t\t\t<input type=\"hidden\" name=\"referer_title\" value=\"Formulaire FAQ - LYCEE SIMON LAZARD\" \/>\n\n\t\t\t\t\t\t\t<input type=\"hidden\" name=\"queried_id\" value=\"126\"\/>\n\t\t\t\n\t\t\t<div class=\"elementor-form-fields-wrapper elementor-labels-above\">\n\t\t\t\t\t\t\t\t<div class=\"elementor-field-type-text elementor-field-group elementor-column elementor-field-group-name elementor-col-100 elementor-field-required\">\n\t\t\t\t\t\t\t\t\t\t\t\t<label for=\"form-field-name\" class=\"elementor-field-label\">\n\t\t\t\t\t\t\t\tNom\t\t\t\t\t\t\t<\/label>\n\t\t\t\t\t\t\t\t\t\t\t\t\t\t<input size=\"1\" type=\"text\" name=\"form_fields[name]\" id=\"form-field-name\" class=\"elementor-field elementor-size-md  elementor-field-textual\" placeholder=\"Nom\" required=\"required\">\n\t\t\t\t\t\t\t\t\t\t\t<\/div>\n\t\t\t\t\t\t\t\t<div class=\"elementor-field-type-text elementor-field-group elementor-column elementor-field-group-field_b8b71b6 elementor-col-100 elementor-field-required\">\n\t\t\t\t\t\t\t\t\t\t\t\t<label for=\"form-field-field_b8b71b6\" class=\"elementor-field-label\">\n\t\t\t\t\t\t\t\tPr\u00e9nom\t\t\t\t\t\t\t<\/label>\n\t\t\t\t\t\t\t\t\t\t\t\t\t\t<input size=\"1\" type=\"text\" name=\"form_fields[field_b8b71b6]\" id=\"form-field-field_b8b71b6\" class=\"elementor-field elementor-size-md  elementor-field-textual\" placeholder=\"Pr\u00e9nom\" required=\"required\">\n\t\t\t\t\t\t\t\t\t\t\t<\/div>\n\t\t\t\t\t\t\t\t<div class=\"elementor-field-type-email elementor-field-group elementor-column elementor-field-group-email elementor-col-100 elementor-field-required\">\n\t\t\t\t\t\t\t\t\t\t\t\t<label for=\"form-field-email\" class=\"elementor-field-label\">\n\t\t\t\t\t\t\t\tE-mail\t\t\t\t\t\t\t<\/label>\n\t\t\t\t\t\t\t\t\t\t\t\t\t\t<input size=\"1\" type=\"email\" name=\"form_fields[email]\" id=\"form-field-email\" class=\"elementor-field elementor-size-md  elementor-field-textual\" placeholder=\"E-mail\" required=\"required\">\n\t\t\t\t\t\t\t\t\t\t\t<\/div>\n\t\t\t\t\t\t\t\t<div class=\"elementor-field-type-textarea elementor-field-group elementor-column elementor-field-group-message elementor-col-100 elementor-field-required\">\n\t\t\t\t\t\t\t\t\t\t\t\t<label for=\"form-field-message\" class=\"elementor-field-label\">\n\t\t\t\t\t\t\t\tMessage\t\t\t\t\t\t\t<\/label>\n\t\t\t\t\t\t<textarea class=\"elementor-field-textual elementor-field  elementor-size-md\" name=\"form_fields[message]\" id=\"form-field-message\" rows=\"4\" placeholder=\"Message\" required=\"required\"><\/textarea>\t\t\t\t<\/div>\n\t\t\t\t\t\t\t\t<div class=\"elementor-field-group elementor-column elementor-field-type-submit elementor-col-100 e-form__buttons\">\n\t\t\t\t\t<button class=\"elementor-button elementor-size-lg\" type=\"submit\">\n\t\t\t\t\t\t<span class=\"elementor-button-content-wrapper\">\n\t\t\t\t\t\t\t\t\t\t\t\t\t\t\t\t\t\t\t\t\t\t<span class=\"elementor-button-text\">Envoyer<\/span>\n\t\t\t\t\t\t\t\t\t\t\t\t\t<\/span>\n\t\t\t\t\t<\/button>\n\t\t\t\t<\/div>\n\t\t\t<\/div>\n\t\t<\/form>\n\t\t\t\t\t\t<\/div>\n\t\t\t\t<\/div>\n\t\t\t\t<\/div>\n\t\t\t\t<\/div>\n\t\t<div class=\"elementor-element elementor-element-cf6aaa0 e-flex e-con-boxed e-con e-parent\" data-id=\"cf6aaa0\" data-element_type=\"container\" data-e-type=\"container\">\n\t\t\t\t\t<div class=\"e-con-inner\">\n\t\t<div class=\"elementor-element elementor-element-e862ccd e-con-full e-flex e-con e-child\" data-id=\"e862ccd\" data-element_type=\"container\" data-e-type=\"container\">\n\t\t\t\t<div class=\"elementor-element elementor-element-96cf8a6 elementor-widget elementor-widget-heading\" data-id=\"96cf8a6\" data-element_type=\"widget\" data-e-type=\"widget\" data-widget_type=\"heading.default\">\n\t\t\t\t<div class=\"elementor-widget-container\">\n\t\t\t\t\t<h2 class=\"elementor-heading-title elementor-size-default\">LYCEE PROFESSIONNEL SIMON LAZARD<\/h2>\t\t\t\t<\/div>\n\t\t\t\t<\/div>\n\t\t\t\t<div class=\"elementor-element elementor-element-d3d80b5 elementor-widget__width-auto elementor-align-center elementor-list-item-link-inline elementor-widget elementor-widget-icon-list\" data-id=\"d3d80b5\" data-element_type=\"widget\" data-e-type=\"widget\" data-widget_type=\"icon-list.default\">\n\t\t\t\t<div class=\"elementor-widget-container\">\n\t\t\t\t\t\t\t<ul class=\"elementor-icon-list-items\">\n\t\t\t\t\t\t\t<li class=\"elementor-icon-list-item\">\n\t\t\t\t\t\t\t\t\t\t<span class=\"elementor-icon-list-text\"><strong>ADRESSE<\/strong><\/br> 25 Rue Jean Jacques KIEFFER - 57250 SARREGUEMINES <\/span>\n\t\t\t\t\t\t\t\t\t<\/li>\n\t\t\t\t\t\t\t\t<li class=\"elementor-icon-list-item\">\n\t\t\t\t\t\t\t\t\t\t\t<a href=\"tel:+33382846916\">\n\n\t\t\t\t\t\t\t\t\t\t\t<span class=\"elementor-icon-list-text\"><strong>T\u00c9L\u00c9PHONE<\/strong><\/br>03 87 95 03 24<\/span>\n\t\t\t\t\t\t\t\t\t\t\t<\/a>\n\t\t\t\t\t\t\t\t\t<\/li>\n\t\t\t\t\t\t\t\t<li class=\"elementor-icon-list-item\">\n\t\t\t\t\t\t\t\t\t\t\t<a href=\"mailto:ce.0570100@ac-nancy-metz.fr\">\n\n\t\t\t\t\t\t\t\t\t\t\t<span class=\"elementor-icon-list-text\"><strong>EMAIL<\/strong><\/br>ce.0570100@ac-nancy-metz.fr<\/span>\n\t\t\t\t\t\t\t\t\t\t\t<\/a>\n\t\t\t\t\t\t\t\t\t<\/li>\n\t\t\t\t\t\t<\/ul>\n\t\t\t\t\t\t<\/div>\n\t\t\t\t<\/div>\n\t\t\t\t<\/div>\n\t\t\t\t\t<\/div>\n\t\t\t\t<\/div>\n\t\t\t\t<\/div>\n\t\t","protected":false},"excerpt":{"rendered":"<p>FORMULAIRE DE CONTACT LYCEE PROFESSIONNEL SIMON LAZARD ADRESSE 25 Rue Jean Jacques KIEFFER &#8211; 57250 SARREGUEMINES T\u00c9L\u00c9PHONE03 87 95 03 24 EMAILce.0570100@ac-nancy-metz.fr LYCEE PROFESSIONNEL SIMON LAZARD ADRESSE 25 Rue Jean Jacques KIEFFER &#8211; 57250 SARREGUEMINES T\u00c9L\u00c9PHONE03 87 95 03 24 EMAILce.0570100@ac-nancy-metz.fr<\/p>\n","protected":false},"author":1,"featured_media":0,"parent":0,"menu_order":0,"comment_status":"closed","ping_status":"closed","template":"elementor_canvas","meta":{"footnotes":""},"class_list":["post-126","page","type-page","status-publish","hentry"],"yoast_head":"<!-- This site is optimized with the Yoast SEO plugin v27.2 - https:\/\/yoast.com\/product\/yoast-seo-wordpress\/ -->\n<title>Formulaire FAQ - LYCEE SIMON LAZARD<\/title>\n<meta name=\"robots\" content=\"index, follow, max-snippet:-1, max-image-preview:large, max-video-preview:-1\" \/>\n<link rel=\"canonical\" href=\"https:\/\/lyceeprofessionnelsimonlazard.fr\/index.php\/formulaire-faq\/\" \/>\n<meta property=\"og:locale\" content=\"fr_FR\" \/>\n<meta property=\"og:type\" content=\"article\" \/>\n<meta property=\"og:title\" content=\"Formulaire FAQ - LYCEE SIMON LAZARD\" \/>\n<meta property=\"og:description\" content=\"FORMULAIRE DE CONTACT LYCEE PROFESSIONNEL SIMON LAZARD ADRESSE 25 Rue Jean Jacques KIEFFER &#8211; 57250 SARREGUEMINES T\u00c9L\u00c9PHONE03 87 95 03 24 EMAILce.0570100@ac-nancy-metz.fr LYCEE PROFESSIONNEL SIMON LAZARD ADRESSE 25 Rue Jean Jacques KIEFFER &#8211; 57250 SARREGUEMINES T\u00c9L\u00c9PHONE03 87 95 03 24 EMAILce.0570100@ac-nancy-metz.fr\" \/>\n<meta property=\"og:url\" content=\"https:\/\/lyceeprofessionnelsimonlazard.fr\/index.php\/formulaire-faq\/\" \/>\n<meta property=\"og:site_name\" content=\"LYCEE SIMON LAZARD\" \/>\n<meta property=\"article:publisher\" content=\"https:\/\/www.facebook.com\/profile.php?id=61551412921207\" \/>\n<meta property=\"article:modified_time\" content=\"2024-01-08T10:06:44+00:00\" \/>\n<meta property=\"og:image\" content=\"https:\/\/lyceeprofessionnelsimonlazard.fr\/wp-content\/uploads\/2024\/01\/Favicon-16-1.jpg\" \/>\n\t<meta property=\"og:image:width\" content=\"1038\" \/>\n\t<meta property=\"og:image:height\" content=\"675\" \/>\n\t<meta property=\"og:image:type\" content=\"image\/jpeg\" \/>\n<meta name=\"twitter:card\" content=\"summary_large_image\" \/>\n<script type=\"application\/ld+json\" class=\"yoast-schema-graph\">{\"@context\":\"https:\/\/schema.org\",\"@graph\":[{\"@type\":\"WebPage\",\"@id\":\"https:\/\/lyceeprofessionnelsimonlazard.fr\/index.php\/formulaire-faq\/\",\"url\":\"https:\/\/lyceeprofessionnelsimonlazard.fr\/index.php\/formulaire-faq\/\",\"name\":\"Formulaire FAQ - LYCEE SIMON LAZARD\",\"isPartOf\":{\"@id\":\"https:\/\/lyceeprofessionnelsimonlazard.fr\/#website\"},\"datePublished\":\"2023-12-28T14:36:50+00:00\",\"dateModified\":\"2024-01-08T10:06:44+00:00\",\"breadcrumb\":{\"@id\":\"https:\/\/lyceeprofessionnelsimonlazard.fr\/index.php\/formulaire-faq\/#breadcrumb\"},\"inLanguage\":\"fr-FR\",\"potentialAction\":[{\"@type\":\"ReadAction\",\"target\":[\"https:\/\/lyceeprofessionnelsimonlazard.fr\/index.php\/formulaire-faq\/\"]}]},{\"@type\":\"BreadcrumbList\",\"@id\":\"https:\/\/lyceeprofessionnelsimonlazard.fr\/index.php\/formulaire-faq\/#breadcrumb\",\"itemListElement\":[{\"@type\":\"ListItem\",\"position\":1,\"name\":\"Accueil\",\"item\":\"https:\/\/lyceeprofessionnelsimonlazard.fr\/\"},{\"@type\":\"ListItem\",\"position\":2,\"name\":\"Formulaire FAQ\"}]},{\"@type\":\"WebSite\",\"@id\":\"https:\/\/lyceeprofessionnelsimonlazard.fr\/#website\",\"url\":\"https:\/\/lyceeprofessionnelsimonlazard.fr\/\",\"name\":\"LYCEE SIMON LAZARD\",\"description\":\"De la r\u00e9ussite scolaire \u00e0 la r\u00e9ussite professionnelle\",\"publisher\":{\"@id\":\"https:\/\/lyceeprofessionnelsimonlazard.fr\/#organization\"},\"alternateName\":\"SIMON LAZARD\",\"potentialAction\":[{\"@type\":\"SearchAction\",\"target\":{\"@type\":\"EntryPoint\",\"urlTemplate\":\"https:\/\/lyceeprofessionnelsimonlazard.fr\/?s={search_term_string}\"},\"query-input\":{\"@type\":\"PropertyValueSpecification\",\"valueRequired\":true,\"valueName\":\"search_term_string\"}}],\"inLanguage\":\"fr-FR\"},{\"@type\":\"Organization\",\"@id\":\"https:\/\/lyceeprofessionnelsimonlazard.fr\/#organization\",\"name\":\"LYCEE SIMON LAZARD\",\"url\":\"https:\/\/lyceeprofessionnelsimonlazard.fr\/\",\"logo\":{\"@type\":\"ImageObject\",\"inLanguage\":\"fr-FR\",\"@id\":\"https:\/\/lyceeprofessionnelsimonlazard.fr\/#\/schema\/logo\/image\/\",\"url\":\"https:\/\/lyceeprofessionnelsimonlazard.fr\/wp-content\/uploads\/2023\/12\/logo-lazard.jpg\",\"contentUrl\":\"https:\/\/lyceeprofessionnelsimonlazard.fr\/wp-content\/uploads\/2023\/12\/logo-lazard.jpg\",\"width\":1304,\"height\":951,\"caption\":\"LYCEE SIMON LAZARD\"},\"image\":{\"@id\":\"https:\/\/lyceeprofessionnelsimonlazard.fr\/#\/schema\/logo\/image\/\"},\"sameAs\":[\"https:\/\/www.facebook.com\/profile.php?id=61551412921207\",\"https:\/\/www.instagram.com\/lpsimonlazard\/\"]}]}<\/script>\n<!-- \/ Yoast SEO plugin. -->","yoast_head_json":{"title":"Formulaire FAQ - LYCEE SIMON LAZARD","robots":{"index":"index","follow":"follow","max-snippet":"max-snippet:-1","max-image-preview":"max-image-preview:large","max-video-preview":"max-video-preview:-1"},"canonical":"https:\/\/lyceeprofessionnelsimonlazard.fr\/index.php\/formulaire-faq\/","og_locale":"fr_FR","og_type":"article","og_title":"Formulaire FAQ - LYCEE SIMON LAZARD","og_description":"FORMULAIRE DE CONTACT LYCEE PROFESSIONNEL SIMON LAZARD ADRESSE 25 Rue Jean Jacques KIEFFER &#8211; 57250 SARREGUEMINES T\u00c9L\u00c9PHONE03 87 95 03 24 EMAILce.0570100@ac-nancy-metz.fr LYCEE PROFESSIONNEL SIMON LAZARD ADRESSE 25 Rue Jean Jacques KIEFFER &#8211; 57250 SARREGUEMINES T\u00c9L\u00c9PHONE03 87 95 03 24 EMAILce.0570100@ac-nancy-metz.fr","og_url":"https:\/\/lyceeprofessionnelsimonlazard.fr\/index.php\/formulaire-faq\/","og_site_name":"LYCEE SIMON LAZARD","article_publisher":"https:\/\/www.facebook.com\/profile.php?id=61551412921207","article_modified_time":"2024-01-08T10:06:44+00:00","og_image":[{"width":1038,"height":675,"url":"https:\/\/lyceeprofessionnelsimonlazard.fr\/wp-content\/uploads\/2024\/01\/Favicon-16-1.jpg","type":"image\/jpeg"}],"twitter_card":"summary_large_image","schema":{"@context":"https:\/\/schema.org","@graph":[{"@type":"WebPage","@id":"https:\/\/lyceeprofessionnelsimonlazard.fr\/index.php\/formulaire-faq\/","url":"https:\/\/lyceeprofessionnelsimonlazard.fr\/index.php\/formulaire-faq\/","name":"Formulaire FAQ - LYCEE SIMON LAZARD","isPartOf":{"@id":"https:\/\/lyceeprofessionnelsimonlazard.fr\/#website"},"datePublished":"2023-12-28T14:36:50+00:00","dateModified":"2024-01-08T10:06:44+00:00","breadcrumb":{"@id":"https:\/\/lyceeprofessionnelsimonlazard.fr\/index.php\/formulaire-faq\/#breadcrumb"},"inLanguage":"fr-FR","potentialAction":[{"@type":"ReadAction","target":["https:\/\/lyceeprofessionnelsimonlazard.fr\/index.php\/formulaire-faq\/"]}]},{"@type":"BreadcrumbList","@id":"https:\/\/lyceeprofessionnelsimonlazard.fr\/index.php\/formulaire-faq\/#breadcrumb","itemListElement":[{"@type":"ListItem","position":1,"name":"Accueil","item":"https:\/\/lyceeprofessionnelsimonlazard.fr\/"},{"@type":"ListItem","position":2,"name":"Formulaire FAQ"}]},{"@type":"WebSite","@id":"https:\/\/lyceeprofessionnelsimonlazard.fr\/#website","url":"https:\/\/lyceeprofessionnelsimonlazard.fr\/","name":"LYCEE SIMON LAZARD","description":"De la r\u00e9ussite scolaire \u00e0 la r\u00e9ussite professionnelle","publisher":{"@id":"https:\/\/lyceeprofessionnelsimonlazard.fr\/#organization"},"alternateName":"SIMON LAZARD","potentialAction":[{"@type":"SearchAction","target":{"@type":"EntryPoint","urlTemplate":"https:\/\/lyceeprofessionnelsimonlazard.fr\/?s={search_term_string}"},"query-input":{"@type":"PropertyValueSpecification","valueRequired":true,"valueName":"search_term_string"}}],"inLanguage":"fr-FR"},{"@type":"Organization","@id":"https:\/\/lyceeprofessionnelsimonlazard.fr\/#organization","name":"LYCEE SIMON LAZARD","url":"https:\/\/lyceeprofessionnelsimonlazard.fr\/","logo":{"@type":"ImageObject","inLanguage":"fr-FR","@id":"https:\/\/lyceeprofessionnelsimonlazard.fr\/#\/schema\/logo\/image\/","url":"https:\/\/lyceeprofessionnelsimonlazard.fr\/wp-content\/uploads\/2023\/12\/logo-lazard.jpg","contentUrl":"https:\/\/lyceeprofessionnelsimonlazard.fr\/wp-content\/uploads\/2023\/12\/logo-lazard.jpg","width":1304,"height":951,"caption":"LYCEE SIMON LAZARD"},"image":{"@id":"https:\/\/lyceeprofessionnelsimonlazard.fr\/#\/schema\/logo\/image\/"},"sameAs":["https:\/\/www.facebook.com\/profile.php?id=61551412921207","https:\/\/www.instagram.com\/lpsimonlazard\/"]}]}},"_links":{"self":[{"href":"https:\/\/lyceeprofessionnelsimonlazard.fr\/index.php\/wp-json\/wp\/v2\/pages\/126","targetHints":{"allow":["GET"]}}],"collection":[{"href":"https:\/\/lyceeprofessionnelsimonlazard.fr\/index.php\/wp-json\/wp\/v2\/pages"}],"about":[{"href":"https:\/\/lyceeprofessionnelsimonlazard.fr\/index.php\/wp-json\/wp\/v2\/types\/page"}],"author":[{"embeddable":true,"href":"https:\/\/lyceeprofessionnelsimonlazard.fr\/index.php\/wp-json\/wp\/v2\/users\/1"}],"replies":[{"embeddable":true,"href":"https:\/\/lyceeprofessionnelsimonlazard.fr\/index.php\/wp-json\/wp\/v2\/comments?post=126"}],"version-history":[{"count":40,"href":"https:\/\/lyceeprofessionnelsimonlazard.fr\/index.php\/wp-json\/wp\/v2\/pages\/126\/revisions"}],"predecessor-version":[{"id":1748,"href":"https:\/\/lyceeprofessionnelsimonlazard.fr\/index.php\/wp-json\/wp\/v2\/pages\/126\/revisions\/1748"}],"wp:attachment":[{"href":"https:\/\/lyceeprofessionnelsimonlazard.fr\/index.php\/wp-json\/wp\/v2\/media?parent=126"}],"curies":[{"name":"wp","href":"https:\/\/api.w.org\/{rel}","templated":true}]}}